{"id":1155,"date":"2026-06-23T11:15:18","date_gmt":"2026-06-23T09:15:18","guid":{"rendered":"https:\/\/osensspirituel.com\/boutique-tours-37\/?page_id=1155"},"modified":"2026-06-23T15:11:12","modified_gmt":"2026-06-23T13:11:12","slug":"propriete-intellectuelle-et-marque","status":"publish","type":"page","link":"https:\/\/osensspirituel.com\/boutique-tours-37\/propriete-intellectuelle-et-marque\/","title":{"rendered":"Propri\u00e9t\u00e9 intellectuelle et Marque"},"content":{"rendered":"\t\t<div data-elementor-type=\"wp-page\" data-elementor-id=\"1155\" class=\"elementor elementor-1155\">\n\t\t\t\t\t\t<section class=\"elementor-section elementor-top-section elementor-element elementor-element-0628963 elementor-section-full_width elementor-section-height-default elementor-section-height-default\" data-id=\"0628963\" data-element_type=\"section\" data-e-type=\"section\" data-settings=\"{&quot;background_background&quot;:&quot;classic&quot;}\">\n\t\t\t\t\t\t\t<div class=\"elementor-background-overlay\"><\/div>\n\t\t\t\t\t\t\t<div class=\"elementor-container elementor-column-gap-default\">\n\t\t\t\t\t<div class=\"elementor-column elementor-col-100 elementor-top-column elementor-element elementor-element-1c8f100\" data-id=\"1c8f100\" data-element_type=\"column\" data-e-type=\"column\">\n\t\t\t<div class=\"elementor-widget-wrap elementor-element-populated\">\n\t\t\t\t\t\t<div class=\"elementor-element elementor-element-2fb5b64 elementor-widget__width-auto elementor-absolute elementor-widget elementor-widget-image\" data-id=\"2fb5b64\" data-element_type=\"widget\" data-e-type=\"widget\" data-settings=\"{&quot;_position&quot;:&quot;absolute&quot;}\" data-widget_type=\"image.default\">\n\t\t\t\t<div class=\"elementor-widget-container\">\n\t\t\t\t\t\t\t\t\t\t\t\t\t\t\t<img fetchpriority=\"high\" decoding=\"async\" width=\"428\" height=\"587\" src=\"https:\/\/osensspirituel.com\/boutique-tours-37\/wp-content\/uploads\/sites\/3\/2026\/06\/vague-corner-bottom-right.png\" class=\"attachment-full size-full wp-image-201\" alt=\"\" srcset=\"https:\/\/osensspirituel.com\/boutique-tours-37\/wp-content\/uploads\/sites\/3\/2026\/06\/vague-corner-bottom-right.png 428w, https:\/\/osensspirituel.com\/boutique-tours-37\/wp-content\/uploads\/sites\/3\/2026\/06\/vague-corner-bottom-right-219x300.png 219w\" sizes=\"(max-width: 428px) 100vw, 428px\" \/>\t\t\t\t\t\t\t\t\t\t\t\t\t\t\t<\/div>\n\t\t\t\t<\/div>\n\t\t\t\t<div class=\"elementor-element elementor-element-0d1f33c elementor-widget elementor-widget-image\" data-id=\"0d1f33c\" data-element_type=\"widget\" data-e-type=\"widget\" data-widget_type=\"image.default\">\n\t\t\t\t<div class=\"elementor-widget-container\">\n\t\t\t\t\t\t\t\t\t\t\t\t\t\t\t<img decoding=\"async\" width=\"392\" height=\"352\" src=\"https:\/\/osensspirituel.com\/boutique-tours-37\/wp-content\/uploads\/sites\/3\/2026\/06\/symbole-religion-chretienne.png\" class=\"attachment-large size-large wp-image-152\" alt=\"\" srcset=\"https:\/\/osensspirituel.com\/boutique-tours-37\/wp-content\/uploads\/sites\/3\/2026\/06\/symbole-religion-chretienne.png 392w, https:\/\/osensspirituel.com\/boutique-tours-37\/wp-content\/uploads\/sites\/3\/2026\/06\/symbole-religion-chretienne-300x269.png 300w\" sizes=\"(max-width: 392px) 100vw, 392px\" \/>\t\t\t\t\t\t\t\t\t\t\t\t\t\t\t<\/div>\n\t\t\t\t<\/div>\n\t\t\t\t<div class=\"elementor-element elementor-element-7d92a1a elementor-widget-tablet__width-initial elementor-widget-mobile__width-initial elementor-widget elementor-widget-heading\" data-id=\"7d92a1a\" data-element_type=\"widget\" data-e-type=\"widget\" data-widget_type=\"heading.default\">\n\t\t\t\t<div class=\"elementor-widget-container\">\n\t\t\t\t\t<h1 class=\"elementor-heading-title elementor-size-default\">Propri\u00e9t\u00e9 intellectuelle et Marque<\/h1>\t\t\t\t<\/div>\n\t\t\t\t<\/div>\n\t\t\t\t<div class=\"elementor-element elementor-element-83034dd elementor-widget__width-inherit elementor-absolute elementor-widget-divider--view-line elementor-widget elementor-widget-divider\" data-id=\"83034dd\" data-element_type=\"widget\" data-e-type=\"widget\" data-settings=\"{&quot;_position&quot;:&quot;absolute&quot;}\" data-widget_type=\"divider.default\">\n\t\t\t\t<div class=\"elementor-widget-container\">\n\t\t\t\t\t\t\t<div class=\"elementor-divider\">\n\t\t\t<span class=\"elementor-divider-separator\">\n\t\t\t\t\t\t<\/span>\n\t\t<\/div>\n\t\t\t\t\t\t<\/div>\n\t\t\t\t<\/div>\n\t\t\t\t\t<\/div>\n\t\t<\/div>\n\t\t\t\t\t<\/div>\n\t\t<\/section>\n\t\t\t\t<section class=\"elementor-section elementor-top-section elementor-element elementor-element-48d8fc47 elementor-section-boxed elementor-section-height-default elementor-section-height-default\" data-id=\"48d8fc47\" data-element_type=\"section\" data-e-type=\"section\">\n\t\t\t\t\t\t<div class=\"elementor-container elementor-column-gap-default\">\n\t\t\t\t\t<div class=\"elementor-column elementor-col-100 elementor-top-column elementor-element elementor-element-4f3fbcd8\" data-id=\"4f3fbcd8\" data-element_type=\"column\" data-e-type=\"column\">\n\t\t\t<div class=\"elementor-widget-wrap elementor-element-populated\">\n\t\t\t\t\t\t<div class=\"elementor-element elementor-element-1c1dd412 legal-txt elementor-widget elementor-widget-text-editor\" data-id=\"1c1dd412\" data-element_type=\"widget\" data-e-type=\"widget\" data-widget_type=\"text-editor.default\">\n\t\t\t\t<div class=\"elementor-widget-container\">\n\t\t\t\t\t\t\t\t\t<p><strong>La marque \u00ab O Sens Spirituel \u00bb est une marque d\u00e9pos\u00e9e aupr\u00e8s de l&rsquo;Institut National de la Propri\u00e9t\u00e9 Industrielle (INPI) sous le num\u00e9ro 5162724.\u00a0<\/strong><\/p>\n<p>Cette marque est la propri\u00e9t\u00e9 de <strong>Monsieur Pascal FOURCADE<\/strong>.\u00a0<\/p>\n<p>Le site O Sens Spirituel est \u00e9dit\u00e9 et exploit\u00e9 par WT SAS, soci\u00e9t\u00e9 participant au d\u00e9veloppement des activit\u00e9s associ\u00e9es \u00e0 la marque et plac\u00e9e sous la direction de Monsieur Pascal FOURCADE.\u00a0<\/p>\n<p>L&rsquo;ensemble des \u00e9l\u00e9ments pr\u00e9sents sur le site, notamment les marques, logos,\u00a0 d\u00e9nominations, textes, photographies, illustrations, vid\u00e9os, \u00e9l\u00e9ments graphiques, chartes visuelles, documents, bases de donn\u00e9es et plus g\u00e9n\u00e9ralement tout contenu accessible sur le site, est prot\u00e9g\u00e9 par les dispositions du Code de la propri\u00e9t\u00e9 intellectuelle.\u00a0<\/p>\n<p>L&rsquo;acc\u00e8s au site n&#8217;emporte aucune cession ni aucun transfert de droits de propri\u00e9t\u00e9 intellectuelle au profit des utilisateurs.<\/p>\n<p>Les contenus du site sont exclusivement destin\u00e9s \u00e0 un usage personnel, priv\u00e9 et non commercial. Toute reproduction, repr\u00e9sentation, diffusion, adaptation, modification, traduction, extraction ou exploitation, totale ou partielle, de la marque \u00ab O Sens Spirituel\u00a0 \u00bb ou des contenus du site, par quelque proc\u00e9d\u00e9 que ce soit, sans autorisation \u00e9crite pr\u00e9alable de leur titulaire, est strictement interdite.\u00a0<\/p>\n<p>Toute utilisation non autoris\u00e9e de la marque \u00ab O Sens Spirituel \u00bb ou de tout \u00e9l\u00e9ment\u00a0 prot\u00e9g\u00e9 est susceptible de constituer un acte de contrefa\u00e7on ou de concurrence d\u00e9loyale donnant lieu \u00e0 des poursuites conform\u00e9ment aux dispositions l\u00e9gales en vigueur.\u00a0<\/p>\n<p>WT SAS assure l&rsquo;exploitation du site internet ainsi que le d\u00e9veloppement des activit\u00e9s, services, programmes d&rsquo;affiliation et supports associ\u00e9s \u00e0 la marque O Sens Spirituel dans le respect des droits attach\u00e9s \u00e0 cette marque.<\/p>\t\t\t\t\t\t\t\t<\/div>\n\t\t\t\t<\/div>\n\t\t\t\t\t<\/div>\n\t\t<\/div>\n\t\t\t\t\t<\/div>\n\t\t<\/section>\n\t\t\t\t<\/div>\n\t\t","protected":false},"excerpt":{"rendered":"<p>Propri\u00e9t\u00e9 intellectuelle et Marque La marque \u00ab O Sens Spirituel \u00bb est une marque d\u00e9pos\u00e9e aupr\u00e8s de l&rsquo;Institut National de la Propri\u00e9t\u00e9 Industrielle (INPI) sous le num\u00e9ro 5162724.\u00a0 Cette marque est la propri\u00e9t\u00e9 de Monsieur Pascal FOURCADE.\u00a0 Le site O Sens Spirituel est \u00e9dit\u00e9 et exploit\u00e9 par WT SAS, soci\u00e9t\u00e9 participant au d\u00e9veloppement des activit\u00e9s [&hellip;]<\/p>\n","protected":false},"author":1,"featured_media":0,"parent":0,"menu_order":0,"comment_status":"closed","ping_status":"closed","template":"","meta":{"footnotes":""},"class_list":["post-1155","page","type-page","status-publish","hentry"],"_links":{"self":[{"href":"https:\/\/osensspirituel.com\/boutique-tours-37\/wp-json\/wp\/v2\/pages\/1155","targetHints":{"allow":["GET"]}}],"collection":[{"href":"https:\/\/osensspirituel.com\/boutique-tours-37\/wp-json\/wp\/v2\/pages"}],"about":[{"href":"https:\/\/osensspirituel.com\/boutique-tours-37\/wp-json\/wp\/v2\/types\/page"}],"author":[{"embeddable":true,"href":"https:\/\/osensspirituel.com\/boutique-tours-37\/wp-json\/wp\/v2\/users\/1"}],"replies":[{"embeddable":true,"href":"https:\/\/osensspirituel.com\/boutique-tours-37\/wp-json\/wp\/v2\/comments?post=1155"}],"version-history":[{"count":4,"href":"https:\/\/osensspirituel.com\/boutique-tours-37\/wp-json\/wp\/v2\/pages\/1155\/revisions"}],"predecessor-version":[{"id":1258,"href":"https:\/\/osensspirituel.com\/boutique-tours-37\/wp-json\/wp\/v2\/pages\/1155\/revisions\/1258"}],"wp:attachment":[{"href":"https:\/\/osensspirituel.com\/boutique-tours-37\/wp-json\/wp\/v2\/media?parent=1155"}],"curies":[{"name":"wp","href":"https:\/\/api.w.org\/{rel}","templated":true}]}}

Propriété intellectuelle et Marque

<div data-elementor-type="wp-page" data-elementor-id="1155" class="elementor elementor-1155">
						<section class="elementor-section elementor-top-section elementor-element elementor-element-0628963 elementor-section-full_width elementor-section-height-default elementor-section-height-default" data-id="0628963" data-element_type="section" data-e-type="section" data-settings="{&quot;background_background&quot;:&quot;classic&quot;}">
							<div class="elementor-background-overlay"></div>
							<div class="elementor-container elementor-column-gap-default">
					<div class="elementor-column elementor-col-100 elementor-top-column elementor-element elementor-element-1c8f100" data-id="1c8f100" data-element_type="column" data-e-type="column">
			<div class="elementor-widget-wrap elementor-element-populated">
						<div class="elementor-element elementor-element-2fb5b64 elementor-widget__width-auto elementor-absolute elementor-widget elementor-widget-image" data-id="2fb5b64" data-element_type="widget" data-e-type="widget" data-settings="{&quot;_position&quot;:&quot;absolute&quot;}" data-widget_type="image.default">
				<div class="elementor-widget-container">
															<img fetchpriority="high" decoding="async" width="428" height="587" src="https://osensspirituel.com/boutique-tours-37/wp-content/uploads/sites/3/2026/06/vague-corner-bottom-right.png" class="attachment-full size-full wp-image-201" alt="" srcset="https://osensspirituel.com/boutique-tours-37/wp-content/uploads/sites/3/2026/06/vague-corner-bottom-right.png 428w, https://osensspirituel.com/boutique-tours-37/wp-content/uploads/sites/3/2026/06/vague-corner-bottom-right-219x300.png 219w" sizes="(max-width: 428px) 100vw, 428px" />															</div>
				</div>
				<div class="elementor-element elementor-element-0d1f33c elementor-widget elementor-widget-image" data-id="0d1f33c" data-element_type="widget" data-e-type="widget" data-widget_type="image.default">
				<div class="elementor-widget-container">
															<img decoding="async" width="392" height="352" src="https://osensspirituel.com/boutique-tours-37/wp-content/uploads/sites/3/2026/06/symbole-religion-chretienne.png" class="attachment-large size-large wp-image-152" alt="" srcset="https://osensspirituel.com/boutique-tours-37/wp-content/uploads/sites/3/2026/06/symbole-religion-chretienne.png 392w, https://osensspirituel.com/boutique-tours-37/wp-content/uploads/sites/3/2026/06/symbole-religion-chretienne-300x269.png 300w" sizes="(max-width: 392px) 100vw, 392px" />															</div>
				</div>
				<div class="elementor-element elementor-element-7d92a1a elementor-widget-tablet__width-initial elementor-widget-mobile__width-initial elementor-widget elementor-widget-heading" data-id="7d92a1a" data-element_type="widget" data-e-type="widget" data-widget_type="heading.default">
				<div class="elementor-widget-container">
					<h1 class="elementor-heading-title elementor-size-default">Propriété intellectuelle et Marque</h1>				</div>
				</div>
				<div class="elementor-element elementor-element-83034dd elementor-widget__width-inherit elementor-absolute elementor-widget-divider--view-line elementor-widget elementor-widget-divider" data-id="83034dd" data-element_type="widget" data-e-type="widget" data-settings="{&quot;_position&quot;:&quot;absolute&quot;}" data-widget_type="divider.default">
				<div class="elementor-widget-container">
							<div class="elementor-divider">
			<span class="elementor-divider-separator">
						</span>
		</div>
						</div>
				</div>
					</div>
		</div>
					</div>
		</section>
				<section class="elementor-section elementor-top-section elementor-element elementor-element-48d8fc47 elementor-section-boxed elementor-section-height-default elementor-section-height-default" data-id="48d8fc47" data-element_type="section" data-e-type="section">
						<div class="elementor-container elementor-column-gap-default">
					<div class="elementor-column elementor-col-100 elementor-top-column elementor-element elementor-element-4f3fbcd8" data-id="4f3fbcd8" data-element_type="column" data-e-type="column">
			<div class="elementor-widget-wrap elementor-element-populated">
						<div class="elementor-element elementor-element-1c1dd412 legal-txt elementor-widget elementor-widget-text-editor" data-id="1c1dd412" data-element_type="widget" data-e-type="widget" data-widget_type="text-editor.default">
				<div class="elementor-widget-container">
									<p><strong>La marque « O Sens Spirituel » est une marque déposée auprès de l&rsquo;Institut National de la Propriété Industrielle (INPI) sous le numéro 5162724. </strong></p>
<p>Cette marque est la propriété de <strong>Monsieur Pascal FOURCADE</strong>. </p>
<p>Le site O Sens Spirituel est édité et exploité par WT SAS, société participant au développement des activités associées à la marque et placée sous la direction de Monsieur Pascal FOURCADE. </p>
<p>L&rsquo;ensemble des éléments présents sur le site, notamment les marques, logos,  dénominations, textes, photographies, illustrations, vidéos, éléments graphiques, chartes visuelles, documents, bases de données et plus généralement tout contenu accessible sur le site, est protégé par les dispositions du Code de la propriété intellectuelle. </p>
<p>L&rsquo;accès au site n&#8217;emporte aucune cession ni aucun transfert de droits de propriété intellectuelle au profit des utilisateurs.</p>
<p>Les contenus du site sont exclusivement destinés à un usage personnel, privé et non commercial. Toute reproduction, représentation, diffusion, adaptation, modification, traduction, extraction ou exploitation, totale ou partielle, de la marque « O Sens Spirituel  » ou des contenus du site, par quelque procédé que ce soit, sans autorisation écrite préalable de leur titulaire, est strictement interdite. </p>
<p>Toute utilisation non autorisée de la marque « O Sens Spirituel » ou de tout élément  protégé est susceptible de constituer un acte de contrefaçon ou de concurrence déloyale donnant lieu à des poursuites conformément aux dispositions légales en vigueur. </p>
<p>WT SAS assure l&rsquo;exploitation du site internet ainsi que le développement des activités, services, programmes d&rsquo;affiliation et supports associés à la marque O Sens Spirituel dans le respect des droits attachés à cette marque.</p>								</div>
				</div>
					</div>
		</div>
					</div>
		</section>
				</div>

<p>Propriété intellectuelle et Marque La marque « O Sens Spirituel » est une marque déposée auprès de l&rsquo;Institut National de la Propriété Industrielle (INPI) sous le numéro 5162724.  Cette marque est la propriété de Monsieur Pascal FOURCADE.  Le site O Sens Spirituel est édité et exploité par WT SAS, société participant au développement des activités [&hellip;]</p>
