{"id":3,"date":"2022-07-05T16:49:45","date_gmt":"2022-07-05T14:49:45","guid":{"rendered":"https:\/\/osensspirituel.com\/boutique-tours-37\/?page_id=3"},"modified":"2026-06-23T15:07:16","modified_gmt":"2026-06-23T13:07:16","slug":"politique-de-confidentialite","status":"publish","type":"page","link":"https:\/\/osensspirituel.com\/boutique-tours-37\/politique-de-confidentialite\/","title":{"rendered":"Politique de confidentialit\u00e9"},"content":{"rendered":"\t\t<div data-elementor-type=\"wp-page\" data-elementor-id=\"3\" class=\"elementor elementor-3\">\n\t\t\t\t\t\t<section class=\"elementor-section elementor-top-section elementor-element elementor-element-0628963 elementor-section-full_width elementor-section-height-default elementor-section-height-default\" data-id=\"0628963\" data-element_type=\"section\" data-e-type=\"section\" data-settings=\"{&quot;background_background&quot;:&quot;classic&quot;}\">\n\t\t\t\t\t\t\t<div class=\"elementor-background-overlay\"><\/div>\n\t\t\t\t\t\t\t<div class=\"elementor-container elementor-column-gap-default\">\n\t\t\t\t\t<div class=\"elementor-column elementor-col-100 elementor-top-column elementor-element elementor-element-1c8f100\" data-id=\"1c8f100\" data-element_type=\"column\" data-e-type=\"column\">\n\t\t\t<div class=\"elementor-widget-wrap elementor-element-populated\">\n\t\t\t\t\t\t<div class=\"elementor-element elementor-element-2fb5b64 elementor-widget__width-auto elementor-absolute elementor-widget elementor-widget-image\" data-id=\"2fb5b64\" data-element_type=\"widget\" data-e-type=\"widget\" data-settings=\"{&quot;_position&quot;:&quot;absolute&quot;}\" data-widget_type=\"image.default\">\n\t\t\t\t<div class=\"elementor-widget-container\">\n\t\t\t\t\t\t\t\t\t\t\t\t\t\t\t<img fetchpriority=\"high\" decoding=\"async\" width=\"428\" height=\"587\" src=\"https:\/\/osensspirituel.com\/boutique-tours-37\/wp-content\/uploads\/sites\/3\/2026\/06\/vague-corner-bottom-right.png\" class=\"attachment-full size-full wp-image-201\" alt=\"\" srcset=\"https:\/\/osensspirituel.com\/boutique-tours-37\/wp-content\/uploads\/sites\/3\/2026\/06\/vague-corner-bottom-right.png 428w, https:\/\/osensspirituel.com\/boutique-tours-37\/wp-content\/uploads\/sites\/3\/2026\/06\/vague-corner-bottom-right-219x300.png 219w\" sizes=\"(max-width: 428px) 100vw, 428px\" \/>\t\t\t\t\t\t\t\t\t\t\t\t\t\t\t<\/div>\n\t\t\t\t<\/div>\n\t\t\t\t<div class=\"elementor-element elementor-element-0d1f33c elementor-widget elementor-widget-image\" data-id=\"0d1f33c\" data-element_type=\"widget\" data-e-type=\"widget\" data-widget_type=\"image.default\">\n\t\t\t\t<div class=\"elementor-widget-container\">\n\t\t\t\t\t\t\t\t\t\t\t\t\t\t\t<img decoding=\"async\" width=\"392\" height=\"352\" src=\"https:\/\/osensspirituel.com\/boutique-tours-37\/wp-content\/uploads\/sites\/3\/2026\/06\/symbole-religion-chretienne.png\" class=\"attachment-large size-large wp-image-152\" alt=\"\" srcset=\"https:\/\/osensspirituel.com\/boutique-tours-37\/wp-content\/uploads\/sites\/3\/2026\/06\/symbole-religion-chretienne.png 392w, https:\/\/osensspirituel.com\/boutique-tours-37\/wp-content\/uploads\/sites\/3\/2026\/06\/symbole-religion-chretienne-300x269.png 300w\" sizes=\"(max-width: 392px) 100vw, 392px\" \/>\t\t\t\t\t\t\t\t\t\t\t\t\t\t\t<\/div>\n\t\t\t\t<\/div>\n\t\t\t\t<div class=\"elementor-element elementor-element-7d92a1a elementor-widget-tablet__width-initial elementor-widget-mobile__width-initial elementor-widget elementor-widget-heading\" data-id=\"7d92a1a\" data-element_type=\"widget\" data-e-type=\"widget\" data-widget_type=\"heading.default\">\n\t\t\t\t<div class=\"elementor-widget-container\">\n\t\t\t\t\t<h1 class=\"elementor-heading-title elementor-size-default\">Politique de confidentialit\u00e9<\/h1>\t\t\t\t<\/div>\n\t\t\t\t<\/div>\n\t\t\t\t<div class=\"elementor-element elementor-element-83034dd elementor-widget__width-inherit elementor-absolute elementor-widget-divider--view-line elementor-widget elementor-widget-divider\" data-id=\"83034dd\" data-element_type=\"widget\" data-e-type=\"widget\" data-settings=\"{&quot;_position&quot;:&quot;absolute&quot;}\" data-widget_type=\"divider.default\">\n\t\t\t\t<div class=\"elementor-widget-container\">\n\t\t\t\t\t\t\t<div class=\"elementor-divider\">\n\t\t\t<span class=\"elementor-divider-separator\">\n\t\t\t\t\t\t<\/span>\n\t\t<\/div>\n\t\t\t\t\t\t<\/div>\n\t\t\t\t<\/div>\n\t\t\t\t\t<\/div>\n\t\t<\/div>\n\t\t\t\t\t<\/div>\n\t\t<\/section>\n\t\t\t\t<section class=\"elementor-section elementor-top-section elementor-element elementor-element-48d8fc47 elementor-section-boxed elementor-section-height-default elementor-section-height-default\" data-id=\"48d8fc47\" data-element_type=\"section\" data-e-type=\"section\">\n\t\t\t\t\t\t<div class=\"elementor-container elementor-column-gap-default\">\n\t\t\t\t\t<div class=\"elementor-column elementor-col-100 elementor-top-column elementor-element elementor-element-4f3fbcd8\" data-id=\"4f3fbcd8\" data-element_type=\"column\" data-e-type=\"column\">\n\t\t\t<div class=\"elementor-widget-wrap elementor-element-populated\">\n\t\t\t\t\t\t<div class=\"elementor-element elementor-element-1c1dd412 legal-txt elementor-widget elementor-widget-text-editor\" data-id=\"1c1dd412\" data-element_type=\"widget\" data-e-type=\"widget\" data-widget_type=\"text-editor.default\">\n\t\t\t\t<div class=\"elementor-widget-container\">\n\t\t\t\t\t\t\t\t\t<p>Derni\u00e8re mise \u00e0 jour : Juin 2026\u00a0<\/p>\n<h2>1. Identit\u00e9 du responsable du traitement\u00a0<\/h2>\n<p>Le responsable du traitement des donn\u00e9es personnelles collect\u00e9es sur le pr\u00e9sent site\u00a0 est :\u00a0<\/p>\n<p><strong>WT SAS\u00a0<\/strong><br \/>72 avenue de Fontainebleau\u00a0<br \/>77310 Saint-Fargeau-Ponthierry\u00a0<br \/>France<\/p>\n<p>RCS Melun : 831 500 434\u00a0<br \/>TVA intracommunautaire : FR38831500434\u00a0<br \/>Adresse \u00e9lectronique : wt_sas@orange.fr<\/p>\n<h2>2. Donn\u00e9es collect\u00e9es\u00a0<\/h2>\n<p>Dans le cadre du formulaire de candidature au programme d&rsquo;affiliation ou de partenariat\u00a0 propos\u00e9 par O Sens Spirituel, WT SAS peut collecter les donn\u00e9es suivantes :\u00a0<\/p>\n<ul>\n<li>Nom et pr\u00e9nom ;\u00a0<\/li>\n<li>Adresse \u00e9lectronique ;\u00a0<\/li>\n<li>Num\u00e9ro de t\u00e9l\u00e9phone ;\u00a0<\/li>\n<li>Informations relatives \u00e0 l&rsquo;activit\u00e9 professionnelle du candidat ;\u00a0<\/li>\n<li>Informations relatives \u00e0 sa pr\u00e9sence en ligne ou sur les r\u00e9seaux sociaux,\u00a0 lorsqu&rsquo;elles sont volontairement communiqu\u00e9es ;\u00a0<\/li>\n<li>Toute information transmise volontairement dans le cadre de la candidature.\u00a0<\/li>\n<\/ul>\n<p>\u00a0<\/p>\n<p>Les donn\u00e9es strictement n\u00e9cessaires \u00e0 l&rsquo;\u00e9tude de la candidature sont signal\u00e9es lors de\u00a0 la saisie du formulaire.\u00a0<\/p>\n<h2>3. Finalit\u00e9s du traitement<\/h2>\n<p>Les donn\u00e9es collect\u00e9es sont utilis\u00e9es exclusivement pour :\u00a0<\/p>\n<ul>\n<li>\u00c9tudier les candidatures au programme d&rsquo;affiliation ou de partenariat ;<\/li>\n<li>\u00c9changer avec les candidats ;\u00a0<\/li>\n<li>Assurer le suivi administratif des demandes ;\u00a0<\/li>\n<li>\u00c9valuer l&rsquo;ad\u00e9quation entre le profil du candidat et les crit\u00e8res du programme\u00a0 propos\u00e9 ;\u00a0<\/li>\n<li>R\u00e9pondre aux demandes d&rsquo;informations compl\u00e9mentaires.\u00a0<\/li>\n<\/ul>\n<p>\u00a0<\/p>\n<p>Les donn\u00e9es ne sont pas utilis\u00e9es \u00e0 des fins de prospection commerciale non sollicit\u00e9e.<\/p>\n<h2>4. Bases l\u00e9gales du traitement<\/h2>\n<p>Les traitements r\u00e9alis\u00e9s reposent sur :\u00a0<\/p>\n<ul>\n<li>Le consentement de la personne concern\u00e9e lors de l&rsquo;envoi de sa candidature ;\u00a0<\/li>\n<li>L&rsquo;int\u00e9r\u00eat l\u00e9gitime de WT SAS \u00e0 analyser les demandes de partenariat ou\u00a0 d&rsquo;affiliation re\u00e7ues.<\/li>\n<\/ul>\n<h2>5. Destinataires des donn\u00e9es<\/h2>\n<p>Les donn\u00e9es collect\u00e9es sont destin\u00e9es exclusivement \u00e0 WT SAS.\u00a0<\/p>\n<p>Elles peuvent \u00eatre accessibles aux personnes habilit\u00e9es charg\u00e9es de l&rsquo;\u00e9tude et du suivi des candidatures.\u00a0<\/p>\n<p>Elles ne sont ni vendues, ni lou\u00e9es, ni c\u00e9d\u00e9es \u00e0 des tiers \u00e0 des fins commerciales.<\/p>\n<h2>6. Dur\u00e9e de conservation<\/h2>\n<p>Les donn\u00e9es relatives aux candidatures sont conserv\u00e9es pendant une dur\u00e9e maximale\u00a0 de trois (3) ans \u00e0 compter du dernier contact avec le candidat, sauf obligation l\u00e9gale\u00a0 contraire.\u00a0<\/p>\n<p>\u00c0 l&rsquo;issue de cette p\u00e9riode, les donn\u00e9es sont supprim\u00e9es ou anonymis\u00e9es.<\/p>\n<h2>7. S\u00e9curit\u00e9 des donn\u00e9es<\/h2>\n<p>WT SAS met en \u0153uvre des mesures techniques et organisationnelles appropri\u00e9es afin\u00a0 de garantir la s\u00e9curit\u00e9, l&rsquo;int\u00e9grit\u00e9 et la confidentialit\u00e9 des donn\u00e9es personnelles\u00a0 collect\u00e9es.\u00a0<\/p>\n<h2>8. Droits des personnes concern\u00e9es<\/h2>\n<p>Conform\u00e9ment au R\u00e8glement G\u00e9n\u00e9ral sur la Protection des Donn\u00e9es (RGPD), toute\u00a0 personne dispose des droits suivants :\u00a0<\/p>\n<ul>\n<li>Droit d&rsquo;acc\u00e8s ;\u00a0<\/li>\n<li>Droit de rectification ;\u00a0<\/li>\n<li>Droit d&rsquo;effacement ;\u00a0<\/li>\n<li>Droit \u00e0 la limitation du traitement ;\u00a0<\/li>\n<li>Droit d&rsquo;opposition ;\u00a0<\/li>\n<li>Droit \u00e0 la portabilit\u00e9 des donn\u00e9es lorsque celui-ci est applicable ;<\/li>\n<li>Droit de retirer son consentement \u00e0 tout moment.\u00a0<\/li>\n<\/ul>\n<p>\u00a0<\/p>\n<p>Pour exercer ces droits, il convient d&rsquo;adresser une demande \u00e0 :\u00a0 wt_sas@orange.fr\u00a0<\/p>\n<p>Une r\u00e9ponse sera apport\u00e9e dans un d\u00e9lai maximal d&rsquo;un mois \u00e0 compter de la r\u00e9ception\u00a0 de la demande.<\/p>\n<h2>9. 10. Liens vers d&rsquo;autres sites<\/h2>\n<p>Le pr\u00e9sent site peut contenir des liens vers d&rsquo;autres sites exploit\u00e9s par WT SAS,\u00a0 notamment la boutique en ligne accessible depuis le domaine <a href=\"https:\/\/shop.osensspirituel.com\/\" target=\"_blank\" rel=\"noopener\">shop.osensspirituel.com<\/a>.\u00a0<\/p>\n<p>Chaque site dispose de ses propres mentions l\u00e9gales, conditions d&rsquo;utilisation et, le cas\u00a0 \u00e9ch\u00e9ant, de sa propre politique de confidentialit\u00e9.\u00a0<\/p>\n<p>Le site peut \u00e9galement contenir des liens vers des sites tiers. WT SAS ne saurait \u00eatre\u00a0 tenue responsable du contenu ou des pratiques de protection des donn\u00e9es mises en \u0153uvre sur ces sites externes.\u00a0<\/p>\n<h2>11. R\u00e9clamation aupr\u00e8s de la CNIL<\/h2>\n<p>Si une personne estime que ses droits ne sont pas respect\u00e9s, elle peut introduire une\u00a0 r\u00e9clamation aupr\u00e8s de la Commission Nationale de l&rsquo;Informatique et des Libert\u00e9s\u00a0 (CNIL).<\/p>\n<h2>12. Modification de la politique de confidentialit\u00e9<\/h2>\n<p>WT SAS se r\u00e9serve le droit de modifier la pr\u00e9sente politique de confidentialit\u00e9 \u00e0 tout moment afin de tenir compte des \u00e9volutions l\u00e9gales, r\u00e9glementaires ou techniques.\u00a0<\/p>\n<p>La version applicable est celle publi\u00e9e sur le site \u00e0 la date de consultation.<\/p>\t\t\t\t\t\t\t\t<\/div>\n\t\t\t\t<\/div>\n\t\t\t\t\t<\/div>\n\t\t<\/div>\n\t\t\t\t\t<\/div>\n\t\t<\/section>\n\t\t\t\t<\/div>\n\t\t","protected":false},"excerpt":{"rendered":"<p>Politique de confidentialit\u00e9 Derni\u00e8re mise \u00e0 jour : Juin 2026\u00a0 1. Identit\u00e9 du responsable du traitement\u00a0 Le responsable du traitement des donn\u00e9es personnelles collect\u00e9es sur le pr\u00e9sent site\u00a0 est :\u00a0 WT SAS\u00a072 avenue de Fontainebleau\u00a077310 Saint-Fargeau-Ponthierry\u00a0France RCS Melun : 831 500 434\u00a0TVA intracommunautaire : FR38831500434\u00a0Adresse \u00e9lectronique : wt_sas@orange.fr 2. Donn\u00e9es collect\u00e9es\u00a0 Dans le cadre du [&hellip;]<\/p>\n","protected":false},"author":1,"featured_media":0,"parent":0,"menu_order":0,"comment_status":"closed","ping_status":"closed","template":"","meta":{"footnotes":""},"class_list":["post-3","page","type-page","status-publish","hentry"],"_links":{"self":[{"href":"https:\/\/osensspirituel.com\/boutique-tours-37\/wp-json\/wp\/v2\/pages\/3","targetHints":{"allow":["GET"]}}],"collection":[{"href":"https:\/\/osensspirituel.com\/boutique-tours-37\/wp-json\/wp\/v2\/pages"}],"about":[{"href":"https:\/\/osensspirituel.com\/boutique-tours-37\/wp-json\/wp\/v2\/types\/page"}],"author":[{"embeddable":true,"href":"https:\/\/osensspirituel.com\/boutique-tours-37\/wp-json\/wp\/v2\/users\/1"}],"replies":[{"embeddable":true,"href":"https:\/\/osensspirituel.com\/boutique-tours-37\/wp-json\/wp\/v2\/comments?post=3"}],"version-history":[{"count":23,"href":"https:\/\/osensspirituel.com\/boutique-tours-37\/wp-json\/wp\/v2\/pages\/3\/revisions"}],"predecessor-version":[{"id":1255,"href":"https:\/\/osensspirituel.com\/boutique-tours-37\/wp-json\/wp\/v2\/pages\/3\/revisions\/1255"}],"wp:attachment":[{"href":"https:\/\/osensspirituel.com\/boutique-tours-37\/wp-json\/wp\/v2\/media?parent=3"}],"curies":[{"name":"wp","href":"https:\/\/api.w.org\/{rel}","templated":true}]}}

Politique de confidentialité

<div data-elementor-type="wp-page" data-elementor-id="3" class="elementor elementor-3">
						<section class="elementor-section elementor-top-section elementor-element elementor-element-0628963 elementor-section-full_width elementor-section-height-default elementor-section-height-default" data-id="0628963" data-element_type="section" data-e-type="section" data-settings="{&quot;background_background&quot;:&quot;classic&quot;}">
							<div class="elementor-background-overlay"></div>
							<div class="elementor-container elementor-column-gap-default">
					<div class="elementor-column elementor-col-100 elementor-top-column elementor-element elementor-element-1c8f100" data-id="1c8f100" data-element_type="column" data-e-type="column">
			<div class="elementor-widget-wrap elementor-element-populated">
						<div class="elementor-element elementor-element-2fb5b64 elementor-widget__width-auto elementor-absolute elementor-widget elementor-widget-image" data-id="2fb5b64" data-element_type="widget" data-e-type="widget" data-settings="{&quot;_position&quot;:&quot;absolute&quot;}" data-widget_type="image.default">
				<div class="elementor-widget-container">
															<img fetchpriority="high" decoding="async" width="428" height="587" src="https://osensspirituel.com/boutique-tours-37/wp-content/uploads/sites/3/2026/06/vague-corner-bottom-right.png" class="attachment-full size-full wp-image-201" alt="" srcset="https://osensspirituel.com/boutique-tours-37/wp-content/uploads/sites/3/2026/06/vague-corner-bottom-right.png 428w, https://osensspirituel.com/boutique-tours-37/wp-content/uploads/sites/3/2026/06/vague-corner-bottom-right-219x300.png 219w" sizes="(max-width: 428px) 100vw, 428px" />															</div>
				</div>
				<div class="elementor-element elementor-element-0d1f33c elementor-widget elementor-widget-image" data-id="0d1f33c" data-element_type="widget" data-e-type="widget" data-widget_type="image.default">
				<div class="elementor-widget-container">
															<img decoding="async" width="392" height="352" src="https://osensspirituel.com/boutique-tours-37/wp-content/uploads/sites/3/2026/06/symbole-religion-chretienne.png" class="attachment-large size-large wp-image-152" alt="" srcset="https://osensspirituel.com/boutique-tours-37/wp-content/uploads/sites/3/2026/06/symbole-religion-chretienne.png 392w, https://osensspirituel.com/boutique-tours-37/wp-content/uploads/sites/3/2026/06/symbole-religion-chretienne-300x269.png 300w" sizes="(max-width: 392px) 100vw, 392px" />															</div>
				</div>
				<div class="elementor-element elementor-element-7d92a1a elementor-widget-tablet__width-initial elementor-widget-mobile__width-initial elementor-widget elementor-widget-heading" data-id="7d92a1a" data-element_type="widget" data-e-type="widget" data-widget_type="heading.default">
				<div class="elementor-widget-container">
					<h1 class="elementor-heading-title elementor-size-default">Politique de confidentialité</h1>				</div>
				</div>
				<div class="elementor-element elementor-element-83034dd elementor-widget__width-inherit elementor-absolute elementor-widget-divider--view-line elementor-widget elementor-widget-divider" data-id="83034dd" data-element_type="widget" data-e-type="widget" data-settings="{&quot;_position&quot;:&quot;absolute&quot;}" data-widget_type="divider.default">
				<div class="elementor-widget-container">
							<div class="elementor-divider">
			<span class="elementor-divider-separator">
						</span>
		</div>
						</div>
				</div>
					</div>
		</div>
					</div>
		</section>
				<section class="elementor-section elementor-top-section elementor-element elementor-element-48d8fc47 elementor-section-boxed elementor-section-height-default elementor-section-height-default" data-id="48d8fc47" data-element_type="section" data-e-type="section">
						<div class="elementor-container elementor-column-gap-default">
					<div class="elementor-column elementor-col-100 elementor-top-column elementor-element elementor-element-4f3fbcd8" data-id="4f3fbcd8" data-element_type="column" data-e-type="column">
			<div class="elementor-widget-wrap elementor-element-populated">
						<div class="elementor-element elementor-element-1c1dd412 legal-txt elementor-widget elementor-widget-text-editor" data-id="1c1dd412" data-element_type="widget" data-e-type="widget" data-widget_type="text-editor.default">
				<div class="elementor-widget-container">
									<p>Dernière mise à jour : Juin 2026 </p>
<h2>1. Identité du responsable du traitement </h2>
<p>Le responsable du traitement des données personnelles collectées sur le présent site  est : </p>
<p><strong>WT SAS </strong><br />72 avenue de Fontainebleau <br />77310 Saint-Fargeau-Ponthierry <br />France</p>
<p>RCS Melun : 831 500 434 <br />TVA intracommunautaire : FR38831500434 <br />Adresse électronique : wt_sas@orange.fr</p>
<h2>2. Données collectées </h2>
<p>Dans le cadre du formulaire de candidature au programme d&rsquo;affiliation ou de partenariat  proposé par O Sens Spirituel, WT SAS peut collecter les données suivantes : </p>
<ul>
<li>Nom et prénom ; </li>
<li>Adresse électronique ; </li>
<li>Numéro de téléphone ; </li>
<li>Informations relatives à l&rsquo;activité professionnelle du candidat ; </li>
<li>Informations relatives à sa présence en ligne ou sur les réseaux sociaux,  lorsqu&rsquo;elles sont volontairement communiquées ; </li>
<li>Toute information transmise volontairement dans le cadre de la candidature. </li>
</ul>
<p> </p>
<p>Les données strictement nécessaires à l&rsquo;étude de la candidature sont signalées lors de  la saisie du formulaire. </p>
<h2>3. Finalités du traitement</h2>
<p>Les données collectées sont utilisées exclusivement pour : </p>
<ul>
<li>Étudier les candidatures au programme d&rsquo;affiliation ou de partenariat ;</li>
<li>Échanger avec les candidats ; </li>
<li>Assurer le suivi administratif des demandes ; </li>
<li>Évaluer l&rsquo;adéquation entre le profil du candidat et les critères du programme  proposé ; </li>
<li>Répondre aux demandes d&rsquo;informations complémentaires. </li>
</ul>
<p> </p>
<p>Les données ne sont pas utilisées à des fins de prospection commerciale non sollicitée.</p>
<h2>4. Bases légales du traitement</h2>
<p>Les traitements réalisés reposent sur : </p>
<ul>
<li>Le consentement de la personne concernée lors de l&rsquo;envoi de sa candidature ; </li>
<li>L&rsquo;intérêt légitime de WT SAS à analyser les demandes de partenariat ou  d&rsquo;affiliation reçues.</li>
</ul>
<h2>5. Destinataires des données</h2>
<p>Les données collectées sont destinées exclusivement à WT SAS. </p>
<p>Elles peuvent être accessibles aux personnes habilitées chargées de l&rsquo;étude et du suivi des candidatures. </p>
<p>Elles ne sont ni vendues, ni louées, ni cédées à des tiers à des fins commerciales.</p>
<h2>6. Durée de conservation</h2>
<p>Les données relatives aux candidatures sont conservées pendant une durée maximale  de trois (3) ans à compter du dernier contact avec le candidat, sauf obligation légale  contraire. </p>
<p>À l&rsquo;issue de cette période, les données sont supprimées ou anonymisées.</p>
<h2>7. Sécurité des données</h2>
<p>WT SAS met en œuvre des mesures techniques et organisationnelles appropriées afin  de garantir la sécurité, l&rsquo;intégrité et la confidentialité des données personnelles  collectées. </p>
<h2>8. Droits des personnes concernées</h2>
<p>Conformément au Règlement Général sur la Protection des Données (RGPD), toute  personne dispose des droits suivants : </p>
<ul>
<li>Droit d&rsquo;accès ; </li>
<li>Droit de rectification ; </li>
<li>Droit d&rsquo;effacement ; </li>
<li>Droit à la limitation du traitement ; </li>
<li>Droit d&rsquo;opposition ; </li>
<li>Droit à la portabilité des données lorsque celui-ci est applicable ;</li>
<li>Droit de retirer son consentement à tout moment. </li>
</ul>
<p> </p>
<p>Pour exercer ces droits, il convient d&rsquo;adresser une demande à :  wt_sas@orange.fr </p>
<p>Une réponse sera apportée dans un délai maximal d&rsquo;un mois à compter de la réception  de la demande.</p>
<h2>9. 10. Liens vers d&rsquo;autres sites</h2>
<p>Le présent site peut contenir des liens vers d&rsquo;autres sites exploités par WT SAS,  notamment la boutique en ligne accessible depuis le domaine <a href="https://shop.osensspirituel.com/" target="_blank" rel="noopener">shop.osensspirituel.com</a>. </p>
<p>Chaque site dispose de ses propres mentions légales, conditions d&rsquo;utilisation et, le cas  échéant, de sa propre politique de confidentialité. </p>
<p>Le site peut également contenir des liens vers des sites tiers. WT SAS ne saurait être  tenue responsable du contenu ou des pratiques de protection des données mises en œuvre sur ces sites externes. </p>
<h2>11. Réclamation auprès de la CNIL</h2>
<p>Si une personne estime que ses droits ne sont pas respectés, elle peut introduire une  réclamation auprès de la Commission Nationale de l&rsquo;Informatique et des Libertés  (CNIL).</p>
<h2>12. Modification de la politique de confidentialité</h2>
<p>WT SAS se réserve le droit de modifier la présente politique de confidentialité à tout moment afin de tenir compte des évolutions légales, réglementaires ou techniques. </p>
<p>La version applicable est celle publiée sur le site à la date de consultation.</p>								</div>
				</div>
					</div>
		</div>
					</div>
		</section>
				</div>

<p>Politique de confidentialité Dernière mise à jour : Juin 2026  1. Identité du responsable du traitement  Le responsable du traitement des données personnelles collectées sur le présent site  est :  WT SAS 72 avenue de Fontainebleau 77310 Saint-Fargeau-Ponthierry France RCS Melun : 831 500 434 TVA intracommunautaire : FR38831500434 Adresse électronique : wt_sas@orange.fr 2. Données collectées  Dans le cadre du [&hellip;]</p>
